of 25026?
6
What is the hundreds digit of 23043?
0
What is the tens digit of 163?
6
What is the tens digit of 582?
8
What is the hundreds digit of 8437?
4
What is the tens digit of 10802?
0
What is the thousands digit of 4034?
4
What is the hundreds digit of 22061?
0
What is the units digit of 2333?
3
What is the thousands digit of 8800?
8
What is the thousands digit of 3025?
3
What is the units digit of 52732?
2
What is the ten thousands digit of 85174?
8
What is the tens digit of 568?
6
What is the thousands digit of 5062?
5
What is the hundreds digit of 20446?
4
What is the hundreds digit of 7289?
2
What is the hundreds digit of 2078?
0
What is the tens digit of 1712?
1
What is the ten thousands digit of 53222?
5
What is the hundreds digit of 416?
4
What is the tens digit of 37584?
8
What is the units digit of 762?
2
What is the thousands digit of 6693?
6
What is the hundreds digit of 667?
6
What is the thousands digit of 1488?
1
What is the hundreds digit of 683?
6
What is the hundreds digit of 11980?
9
What is the tens digit of 716?
1
What is the units digit of 1632?
2
What is the hundreds digit of 41026?
0
What is the units digit of 678?
8
What is the tens digit of 29613?
1
What is the units digit of 15358?
8
What is the thousands digit of 38808?
8
What is the thousands digit of 9815?
9
What is the ten thousands digit of 15173?
1
What is the hundreds digit of 3981?
9
What is the tens digit of 14?
1
What is the hundreds digit of 1803?
8
What is the thousands digit of 8359?
8
What is the units digit of 499?
9
What is the hundreds digit of 112484?
4
What is the units digit of 1423?
3
What is the units digit of 2941?
1
What is the hundreds digit of 1426?
4
What is the hundreds digit of 1455?
4
What is the units digit of 759?
9
What is the tens digit of 22383?
8
What is the units digit of 1423?
3
What is the tens digit of 4521?
2
What is the hundreds digit of 8596?
5
What is the units digit of 575?
5
What is the units digit of 1979?
9
What is the units digit of 414?
4
What is the units digit of 9993?
3
What is the hundreds digit of 4735?
7
What is the thousands digit of 24161?
4
What is the tens digit of 844?
4
What is the tens digit of 480?
8
What is the units digit of 259?
9
What is the units digit of 54913?
3
What is the thousands digit of 9635?
9
What is the tens digit of 24843?
4
What is the ten thousands digit of 13190?
1
What is the thousands digit of 3046?
3
What is the tens digit of 919?
1
What is the tens digit of 28990?
9
What is the hundreds digit of 15591?
5
What is the units digit of 717?
7
What is the units digit of 6124?
4
What is the tens digit of 2529?
2
What is the thousands digit of 14772?
4
What is the hundreds digit of 748?
7
What is the tens digit of 469?
6
What is the hundreds digit of 7629?
6
What is the hundreds digit of 7309?
3
What is the units digit of 5948?
8
What is the tens digit of 43962?
6
What is the ten thousands digit of 31947?
3
What is the units digit of 128374?
4
What is the units digit of 336?
6
What is the hundreds digit of 1665?
6
What is the ten thousands digit of 112718?
1
What is the tens digit of 1135?
3
What is the tens digit of 3344?
4
What is the tens digit of 112?
1
What is the units digit of 1345?
5
What is the hundreds digit of 59845?
8
What is the tens digit of 24701?
0
What is the units digit of 26285?
5
What is the thousands digit of 5625?
5
What is the tens digit of 8543?
4
What is the thousands digit of 1438?
1
What is the units digit of 460?
0
What is the tens digit of 6855?
5
What is the hundreds digit of 24900?
9
What is the units digit of 23470?
0
What is the ten thousands digit of 14358?
1
What is the tens digit of 9674?
7
What is the units digit of 2097?
7
What is the tens digit of 2336?
3
What is the tens digit of 44903?
0
What is the ten thousands digit of 63631?
6
What is the units digit of 9989?
9
What is the thousands digit of 2962?
2
What is the units digit of 57?
7
What is the thousands digit of 8974?
8
What is the tens digit of 16832?
3
What is the thousands digit of 1596?
1
What is the tens digit of 10785?
8
What is the thousands digit of 112878?
2
What is the units digit of 383?
3
What is the units digit of 1938?
8
What is the ten thousands digit of 50652?
5
What is the hundreds digit of 34984?
9
What is the thousands digit of 3855?
3
What is the units digit of 1861?
1
What is the units digit of 1701?
1
What is the thousands digit of 38850?
8
What is the tens digit of 75986?
8
What is the thousands digit of 19965?
9
What is the tens digit of 1993?
9
What is the hundreds digit of 785?
7
What is the tens digit of 25535?
3
What is the hundreds digit of 15371?
3
What is the thousands digit of 15770?
5
What is the tens digit of 4876?
7
What is the tens digit of 40864?
6
What is the ten thousands digit of 30822?
3
What is the units digit of 2670?
0
What is the units digit of 7074?
4
What is the hundreds digit of 846?
8
What is the tens digit of 58766?
6
What is the tens digit of 2399?
9
What is the hundreds digit of 954?
9
What is the hundreds digit of 325?
3
What is the tens digit of 1316?
1
What is the hundreds digit of 37502?
5
What is the tens digit of 5385?
8
What is the tens digit of 97486?
8
What is the hundreds digit of 8676?
6
What is the tens digit of 25370?
7
What is the hundreds digit of 6358?
3
What is the ten thousands digit of 113668?
1
What is the thousands digit of 1730?
1
What is the ten thousands digit of 43412?
4
What is the units digit of 206528?
8
What is the thousands digit of 5599?
5
What is the hundreds digit of 381?
3
What is the units digit of 3453?
3
What is the hundreds digit of 890?
8
What is the tens digit of 1190?
9
What is the ten thousands digit of 29937?
2
What is the ten thousands digit of 81951?
8
What is the hundreds digit of 3106?
1
What is the tens digit of 6993?
9
What is the tens digit of 684?
8
What is the thousands digit of 1449?
1
What is the hundreds digit of 548?
5
What is the thousands digit of 13055?
3
What is the units digit of 87493?
3
What is the ten thousands digit of 32654?
3
What is the units digit of 11112?
2
What is the tens digit of 288?
8
What is the tens digit of 2425?
2
What is the tens digit of 56?
5
What is the hundreds digit of 646?
6
What is the tens digit of 1126?
2
What is the hundreds digit of 110?
1
What is the hundreds digit of 4859?
8
What is the ten thousands digit of 45437?
4
What is the units digit of 65380?
0
What is the thousands digit of 64573?
4
What is the units digit of 30724?
4
What is the units digit of 65996?
6
What is the hundreds digit of 125143?
1
What is the tens digit of 64958?
5
What is the tens digit of 17589?
8
What is the tens digit of 719?
1
What is the thousands digit of 36228?
6
What is the tens digit of 1701?
0
What is the ten thousands digit of 57513?
5
What is the hundreds digit of 1136?
1
What is the tens digit of 21825?
2
What is the hundreds digit of 135?
1
What is the thousands digit of 3455?
3
What is the thousands digit of 1318?
1
What is the thousands digit of 8740?
8
What is the tens digit of 201?
0
What is the units digit of 103040?
0
What is the tens digit of 502?
0
What is the hundreds digit of 124971?
9
What is the units digit of 14698?
8
What is the hundreds digit of 49416?
4
What is the hundreds digit of 1068?
0
What is the hundreds digit of 1021?
0
What is the units digit of 48114?
4
What is the thousands digit of 81732?
1
What is the units digit of 5261?
1
What is the hundreds digit of 727?
7
What is the units digit of 96?
6
What is the hundreds digit of 4155?
1
What is the thousands digit of 2471?
2
What is the thousands digit of 47431?
7
What is the tens digit of 365?
6
What is the hundreds digit of 791?
7
What is the units digit of 3987?
7
What is the tens digit of 2554?
5
What is the thousands digit of 1343?
1
What is the tens digit of 3056?
5
What is the tens digit of 695?
9
What is the units digit of 5261?
1
What is the units digit of 952?
2
What is the ten thousands digit of 12821?
1
What is the hundreds digit of 480?
4
What is the thousands digit of 8249?
8
What is the hundreds digit of 22983?
9
What is the units digit of 19045?
5
What is the hundreds digit of 570?
5
What is the tens digit of 429?
2
What is the thousands digit of 55973?
5
What is the 